(1/b)?
0
Let b(f) = f**3 - 99*f**2 + 34*f - 345. What is the hundreds digit of b(100)?
0
Let f = 3737 - 2538. Suppose -4*c + 3313 = -5*o - f, o + 4512 = 4*c. What is the hundreds digit of c?
1
Let w = 4660 + -4399. What is the tens digit of w?
6
Let l be ((-26)/(-10) - 2)*-10. Let g be 4 + 1 + 3 + l. Suppose -4*k - s = -492, 0*k - g*k - 4*s + 260 = 0. What is the units digit of k?
2
Suppose -4*b + 5*j + 127329 = 0, -63*b + 61*b + 2*j = -63662. What is the ten thousands digit of b?
3
Let b be -1 - 1/8*4*6. Let y(z) = -7*z**3 - 4*z**2 - 2*z - 13. What is the hundreds digit of y(b)?
3
Let u(n) = n**2 + 31*n - 15. Suppose -28*k + 25*k = 96. What is the tens digit of u(k)?
1
What is the units digit of -60*5/(-20)*31*2?
0
Suppose -118*d + 146*d = 376152. What is the ten thousands digit of d?
1
Suppose 7*g - 126 = -14*g. Suppose g*n - 1376 = -v + n, 5*n = -4*v + 5504. What is the thousands digit of v?
1
Suppose -456*b = -476*b - 139751 + 985451. What is the hundreds digit of b?
2
What is the hundreds digit of -2*(-2)/(-3) + 9021/9 + 6?
0
Let y be 5/((3/18)/1). Suppose -y = -2*c - 2*k, 4*c + 3*k = -c + 83. Suppose 248 = -c*s + 21*s. What is the tens digit of s?
2
What is the hundreds digit of -1 + 9182 + -2*(-7 + 10)?
1
Let z = -3050 + 17254. What is the hundreds digit of z?
2
Let q be -4*(-3 + (-15)/(-6)) - 186. Let x = -76 - q. What is the units digit of x?
8
Let t(i) = i**2 - 3*i + 5. Let d be t(2). Suppose 11 = -0*v + 3*v + 5*m, 0 = -d*v - m + 7. What is the tens digit of ((-1 - 79) + v)*5/(-15)?
2
Suppose 1002 = z + 5660. Let m = -2491 - z. Suppose 17*l + 416 = m. What is the units digit of l?
3
What is the hundreds digit of (-1 + 367)/(17 + (-255)/17)?
1
Let m(d) = -d**3 - 4*d**2 + 9*d + 3. Let n = 12 + -10. Suppose -2*r = 3*w + 12, n*r - 8 = -2. What is the units digit of m(w)?
1
Let d(s) = -s**2 - 5*s - 12. Let p be d(-5). What is the hundreds digit of (-2)/5 - (2001/(-15) + p)?
1
Let x be (-2)/((-3 + 4)/(-3)). Let u be (-3 - 0)/(x/(-596)). What is the tens digit of -1 - ((-2)/(-4) + u/(-4))?
7
What is the tens digit of (603 - -4)/(1 + 4 - 4)?
0
Let b(t) = -t**3 + 8*t**2 - 5*t + 8. Let y be b(7). Let o(d) be the third derivative of d**4/4 - 7*d**3 + 2*d**2 - 2. What is the tens digit of o(y)?
9
Let a(n) = n**2 + 52*n - 1412. What is the tens digit of a(42)?
3
Suppose -9277 = -3*w - 4*i, -5*w - 12356 = -9*w - 2*i. Suppose -w = -5*o - 3*l, 0*o + 2*o - 1231 = -5*l. What is the hundreds digit of o?
6
Let f be 2/(-18) + (-95)/(-45). Suppose 4*t - 519 = -3*s, -3*s - 670 = -7*s + f*t. What is the hundreds digit of s?
1
Let s(y) = -29*y + 3. Let w(a) = -30*a + 4. Let g(h) = -6*s(h) + 5*w(h). Suppose 2*f + 6 = 4*m, 23*f = 26*f - 9. What is the units digit of g(m)?
4
Suppose 27*v - 37226 = 24659 + 229985. What is the ten thousands digit of v?
1
Suppose -4 = -2*u, -2*r - 87*u = -84*u - 24274. What is the thousands digit of r?
2
Suppose -3*i = 4*r - 5, -4 - 3 = -i + 4*r. Suppose 0 = u + 5, -3*o + 1271 = i*u + 2*u. Suppose h = -5*h + o. What is the tens digit of h?
7
Let c = 8466 + 2669. What is the tens digit of c?
3
Let o(j) = -j**3 - 12*j**2 + 12*j + 11. Let i be o(-13). Let y be 6/(-3) - 4/(-8)*54. Suppose 173 = -i*r + y*r. What is the hundreds digit of r?
1
Suppose -30771252 = -710*t + 115*t - 62*t. What is the ten thousands digit of t?
4
Suppose 3*d - 3*w = 1017, 1727 = 2*d + 3*d + 3*w. Suppose -5*a = -1743 + d. What is the units digit of a?
0
Let u(v) = 2*v**3 + 23*v**2 + 9*v - 24. Let j be u(-11). What is the units digit of (44/5)/(3/(17 + j))?
4
Let x be 2/(-10) + (-357)/(-85). Let n be (1/(-1) + -1)*(x + -5). Suppose u - 26 = -q, q = 4*u - n*q - 111. What is the tens digit of u?
2
Suppose -36*p + 378519 = -468237. What is the thousands digit of p?
3
Let w = -54 + 23. Let z(k) = k**2 + 35*k + 58. Let i be z(w). What is the units digit of (660/(-45))/(4/i)?
2
Let v be (-3 + (6 - 0))/(-1). Let f(k) = -103*k + 51. What is the tens digit of f(v)?
6
Let a(n) = 2200*n + 6 - 2190*n - 2*n**2 + 34 + 3*n**2. What is the tens digit of a(-9)?
3
Let g(f) = 5372*f + 1025. What is the tens digit of g(8)?
0
Suppose -b - 5*y + 9789 + 7090 = 0, -2*b - 4*y + 33776 = 0. What is the thousands digit of b?
6
Let z(k) = -8*k + 79. Let q be z(15). Let b = q - -80. What is the tens digit of b?
3
Suppose -97*k = -92*k - d - 60331, 2*d - 60343 = -5*k. What is the units digit of k?
7
Let i(a) = -30*a - 191. Let n be i(14). Let k = n + 1517. What is the hundreds digit of k?
9
Let g = -5188 - -9697. What is the units digit of g?
9
Let d = 21568 - 14073. What is the tens digit of d?
9
Let j be ((-33)/12 - (-1 - 1))*-28. Suppose 4*f = -2*q + 28, -f - 4*q = -4*f + j. What is the units digit of (54/f)/(15/140)?
2
Let j = -6584 + 14363. What is the hundreds digit of j?
7
Let u be (2/6)/(0 + 7/21). Let s(n) = -3*n**2 - n + 1. Let y be s(u). What is the hundreds digit of 318/12*4 - (0 - y)?
1
Let g be (-16)/20 - (-26490)/50. Suppose 8*b + g = 2017. What is the tens digit of b?
8
Let n(g) = 2*g**3 - g**2 + 8*g - 10. Let s(d) = 10*d - 47. Let q be s(5). What is the tens digit of n(q)?
5
What is the tens digit of ((-11650)/(-4))/(((-1881)/(-264))/57)?
0
Suppose 276 = -900*x + 902*x. Let g(v) = v**3 - 2*v**2 + v - 2. Let d be g(2). Suppose -n - n = d, -2*a + x = -5*n. What is the units digit of a?
9
Let q be 60/(-8)*2/(-3). Suppose x + 12 = q*x. What is the units digit of (1 - -6)/(x/21)?
9
Suppose 1191 + 375 = -9*o. Suppose 4*b + 307 = l, 0*l + 5 = -l. Let f = b - o. What is the units digit of f?
6
Let n = 3335 - 3256. What is the units digit of n?
9
Let u be ((-24)/(-10))/6 - (-2)/(-5). Suppose 3*i + u*i = -f + 14, -f + 9 = 2*i. What is the tens digit of (60/2)/(f + 1 + 2)?
1
Let o be (-38)/(-6) - 65/(-39). Suppose 1613 = -o*r + 6157. What is the units digit of r?
8
Suppose -394*f + 398*f + 2*j - 164208 = 0, 164202 = 4*f + 5*j. What is the units digit of f?
3
Suppose 1061*k - 2862 = 1067*k. What is the hundreds digit of (-231451)/k - (-2)/(-9)?
4
Let x = -19 + 23. Suppose 4*q + 12 = 0, -u = -x*u + q + 12. Suppose u*f = -4*p + 251 + 31, -2*f = -4*p - 188. What is the units digit of f?
4
Let f = -1061 - -474. Let b = -286 - f. What is the hundreds digit of b?
3
Suppose 8111 = -34*j + 144485. Suppose 65*q = 58*q + j. What is the tens digit of q?
7
What is the tens digit of (18/2 + -5)*(-8013)/(-6)?
4
Suppose -88*k - 660078 + 2994392 + 641934 = 0. What is the tens digit of k?
2
Suppose -5*f + 5*c = -41155, 32*f - 4*c + 8216 = 33*f. What is the tens digit of f?
2
Let p = 1247 + 687. Suppose 8*k - p - 682 = 0. What is the hundreds digit of k?
3
Let d be -3*(-3 + -2)/5. Suppose -5*i - d*v = -0*v - 15, -i = -3*v - 21. Suppose -i*g = -5*g - 129. What is the hundreds digit of g?
1
Suppose 4*y - 11*c + 14*c - 22293 = 0, 4*y - 2*c = 22298. What is the thousands digit of y?
5
Suppose 7*m = -0*m + 35. Suppose -4*i - m*n + 44 = 0, -5*n + 3*n - 4 = -2*i. What is the units digit of -6*3/27 - (-538)/i?
9
Let u(a) = 7*a**3 - 3*a**2 - 3*a. Suppose -r - 6 = 4*r - q, -r = 3*q + 14. Let z be u(r). Let s = -28 - z. What is the units digit of s?
4
Let r be -3 + (2/(-8) - (-702)/24). Let k be 135*(-2 + r/10). What is the tens digit of -2*1 + 10 + k?
8
Let w be 49*(-2 + (-120)/(-35)). Suppose -w = k - 212. What is the units digit of k?
2
Suppose 116*n = 125917 + 70703. What is the tens digit of n?
9
Let b = 905 - -17. Let h be b - (-1)/3*3. Suppose -4*z + 233 = -h. What is the tens digit of z?
8
Let q(o) = o - 1. Let y be q(8). Suppose -y = 3*a - 34. What is the tens digit of (804/a)/2 + (-6)/9?
4
Let r be -8*6/(-12) - (-3 + 2). Let p be (-3 - (-13)/r) + (-38)/5. What is the tens digit of p/(-10)*(-5 - 250/(-4))?
4
Let s(w) = -97*w. Let u = 54 + -50. Let h be s(u). What is the tens digit of h/(-6)*3/2?
9
Suppose 4*f + n - 3775 = 0, -1865 = -2*f + 4*n - 9*n. Let p = f + -548. What is the tens digit of p?
9
Suppose 24 = 3*j + 4*n - 13, -39 = -5*j - n. Suppose -j = -2*w + 15. Suppose -5*i + 69 = -w. What is the tens digit of i?
1
Let v(p) be the third derivative of -2*p**7/315 - 29*p**6/720 - 13*p**5/60 - 2*p**2. Let f(j) be the third derivative of v(j). What is the tens digit of f(-5)?
3
Suppose 0*t + 4*t - g - 745 = 0, -3*t + 555 = -2*g. Suppose 4313 = 7*m + 1464. Let b = m - t. What is the units digit of b?
